{"id":64,"date":"2018-04-07T22:24:32","date_gmt":"2018-04-07T22:24:32","guid":{"rendered":"http:\/\/weblay.com\/?page_id=64"},"modified":"2018-04-17T22:39:57","modified_gmt":"2018-04-17T22:39:57","slug":"unternehmen","status":"publish","type":"page","link":"https:\/\/weblay.com\/?page_id=64","title":{"rendered":"UNTERNEHMEN"},"content":{"rendered":"<h2 style=\"text-align: center;\"><img loading=\"lazy\" decoding=\"async\" class=\"alignnone size-full wp-image-129\" src=\"http:\/\/weblay.com\/wp-content\/uploads\/2018\/04\/K1600_IMG_4216.jpg\" alt=\"\" width=\"5572\" height=\"1200\" srcset=\"https:\/\/weblay.com\/wp-content\/uploads\/2018\/04\/K1600_IMG_4216.jpg 5572w, https:\/\/weblay.com\/wp-content\/uploads\/2018\/04\/K1600_IMG_4216-300x65.jpg 300w, https:\/\/weblay.com\/wp-content\/uploads\/2018\/04\/K1600_IMG_4216-768x165.jpg 768w, https:\/\/weblay.com\/wp-content\/uploads\/2018\/04\/K1600_IMG_4216-1024x221.jpg 1024w\" sizes=\"auto, (max-width: 5572px) 100vw, 5572px\" \/><span style=\"color: #333399;\"><br \/>\n<\/span><span style=\"color: #333399;\">Unsere Aufgabe<\/span><\/h2>\n<p style=\"text-align: center;\"><span style=\"color: #333399;\">Informationselektronik ist ein fester und essenzieller Bestandteil eines jeden Unternehmens geworden.<br \/>\n<\/span><span style=\"color: #333399;\">Ein Ausfall der Computeranlage bedeutet heute in den meisten F\u00e4llen, dass ein Weiterarbeiten nur sehr eingeschr\u00e4nkt bis gar nicht m\u00f6glich ist.<br \/>\n<\/span><span style=\"color: #333399;\">Das Beste w\u00e4re somit eine eigene EDV-Abteilung im Hause zu haben, die alle Bereiche der IT abdeckt.<br \/>\nDies d\u00fcrfte aber in den meisten F\u00e4llen nicht m\u00f6glich sein, da das Wissensfeld f\u00fcr eine Person zu gro\u00df und ein Team zu kostenintensiv w\u00e4re.<\/span><\/p>\n<h3 style=\"text-align: center;\"><span style=\"color: #333399;\">Die L\u00f6sung: <em>\u201eSharing Economy\u201c<\/em><\/span><\/h3>\n<p style=\"text-align: center;\"><span style=\"color: #333399;\">Nach dem Prinzip wof\u00fcr es heute einen Begriff gibt, bieten wir schon lange unsere Leistung an.<\/span><br \/>\n<span style=\"color: #333399;\">Wir haben gelernt, dass die Zusammenarbeit mit unseren Kunden am effektivsten ist, wenn wir zu einem &#8222;Bestandteil&#8220; Ihres Unternehmens werden.<br \/>\nSomit zu &#8222;Ihrer eigenen&#8220; IT-Abteilung.<\/span><br \/>\n<span style=\"color: #333399;\">Durch unsere umfangreichen Serviceprogramme werden wir nicht nur zu Ihrem Ansprechpartner,<br \/>\nsondern jeder Ihrer Mitarbeiter hat direkten Zugriff auf alle unserer Leistungen Ihres Unternehmens gegen\u00fcber.<br \/>\n<em><strong>Feste monatliche Service-Pauschalen sch\u00fctzen Sie hier auch vor unerwarteten Kosten.<\/strong><\/em><\/span><\/p>\n<h3 style=\"text-align: center;\"><span style=\"color: #333399;\">WIN-WIN Konstellation!<\/span><\/h3>\n<p style=\"text-align: center;\"><span style=\"color: #333399;\">Sie brauchen somit keinen zentralen Ansprechpartner in Ihrem Unternehmen bereitzustellen,<br \/>\nuns erleichtert der direkte Kontakt die Fehlerdiagnose und verk\u00fcrzt die Reaktionszeit bei Serviceeins\u00e4tzen enorm.<\/span><\/p>\n<p><img loading=\"lazy\" decoding=\"async\" class=\"size-medium wp-image-233 alignnone\" src=\"http:\/\/weblay.com\/wp-content\/uploads\/2018\/04\/meeting-1020145_1920-300x214.jpg\" alt=\"\" width=\"300\" height=\"214\" srcset=\"https:\/\/weblay.com\/wp-content\/uploads\/2018\/04\/meeting-1020145_1920-300x214.jpg 300w, https:\/\/weblay.com\/wp-content\/uploads\/2018\/04\/meeting-1020145_1920-768x548.jpg 768w, https:\/\/weblay.com\/wp-content\/uploads\/2018\/04\/meeting-1020145_1920-1024x731.jpg 1024w, https:\/\/weblay.com\/wp-content\/uploads\/2018\/04\/meeting-1020145_1920.jpg 1920w\" sizes=\"auto, (max-width: 300px) 100vw, 300px\" \/><\/p>\n","protected":false},"excerpt":{"rendered":"<p>Unsere Aufgabe Informationselektronik ist ein fester und essenzieller Bestandteil eines jeden Unternehmens geworden. Ein Ausfall der Computeranlage bedeutet heute in den meisten F\u00e4llen, dass ein Weiterarbeiten nur sehr eingeschr\u00e4nkt bis gar nicht m\u00f6glich ist. Das Beste w\u00e4re somit eine eigene EDV-Abteilung im Hause zu haben, die alle Bereiche der IT abdeckt. Dies d\u00fcrfte aber in [&hellip;]<\/p>\n","protected":false},"author":1,"featured_media":0,"parent":0,"menu_order":0,"comment_status":"closed","ping_status":"closed","template":"fullwidth.php","meta":{"footnotes":""},"class_list":["post-64","page","type-page","status-publish","hentry"],"_links":{"self":[{"href":"https:\/\/weblay.com\/index.php?rest_route=\/wp\/v2\/pages\/64","targetHints":{"allow":["GET"]}}],"collection":[{"href":"https:\/\/weblay.com\/index.php?rest_route=\/wp\/v2\/pages"}],"about":[{"href":"https:\/\/weblay.com\/index.php?rest_route=\/wp\/v2\/types\/page"}],"author":[{"embeddable":true,"href":"https:\/\/weblay.com\/index.php?rest_route=\/wp\/v2\/users\/1"}],"replies":[{"embeddable":true,"href":"https:\/\/weblay.com\/index.php?rest_route=%2Fwp%2Fv2%2Fcomments&post=64"}],"version-history":[{"count":16,"href":"https:\/\/weblay.com\/index.php?rest_route=\/wp\/v2\/pages\/64\/revisions"}],"predecessor-version":[{"id":294,"href":"https:\/\/weblay.com\/index.php?rest_route=\/wp\/v2\/pages\/64\/revisions\/294"}],"wp:attachment":[{"href":"https:\/\/weblay.com\/index.php?rest_route=%2Fwp%2Fv2%2Fmedia&parent=64"}],"curies":[{"name":"wp","href":"https:\/\/api.w.org\/{rel}","templated":true}]}}